{"id":1082,"date":"2017-05-03T10:05:09","date_gmt":"2017-05-03T09:05:09","guid":{"rendered":"http:\/\/www.pierra-menta.com\/camping\/?page_id=1082"},"modified":"2023-12-02T06:19:11","modified_gmt":"2023-12-02T05:19:11","slug":"randonnees-en-montagne","status":"publish","type":"page","link":"https:\/\/www.pierra-menta.com\/camping\/randonnees-en-montagne\/","title":{"rendered":"Randonn\u00e9es en montagne"},"content":{"rendered":"<p><span style=\"font-family: 'arial black', sans-serif;\">Point de d\u00e9part du tour du beaufortain ( 6 jours ou plus ).<\/span><\/p>\n<p><span style=\"font-family: arial, helvetica, sans-serif;\">Au d\u00e9part du camping :<\/span><\/p>\n<p><span style=\"font-family: arial, helvetica, sans-serif;\"> Le sentier de la pomme<\/span><\/p>\n<p>Cette balade de 2 h permet de relier 4 ou 6 hameaux de la commune de la C\u00f4te d&rsquo;Aime.Promenade relativement ombrag\u00e9e et facile sur chemin large, elle convient tout \u00e0 fait \u00e0 une famille, m\u00eame avec des enfants.<\/p>\n<p>Temps forts : zone de vergers sous le village de Montm\u00e9ry, mais \u00e9galement visite de ce hameau \u00e0 l&rsquo;architecture traditionnelle,cadrans solaire, et chapelle, suivit du hameau de la Bergerie, pr\u00e9-Girod, pr\u00e9-Berard et retour \u00e0 la mairie de la C\u00f4te d&rsquo;Aime.Balade de 2 h avec 200 m de d\u00e9nivel\u00e9e.<\/p>\n<p><span style=\"font-family: arial, helvetica, sans-serif;\">Le sentier des vignes<\/span><\/p>\n<p>Cette balade en circuit relie le vieux village de c\u00f4te, du villard et de la Sciaz, Les Romains nous ont laiss\u00e9s la culture de la vigne, les familles de la C\u00f4te d&rsquo;Aime avaient toutes une petite parcelle pour la fabrication du p\u00e2ch\u00e9, nom du vin local .<\/p>\n<p>Balade de 2 h avec 250 m de d\u00e9nivel\u00e9e.<\/p>\n<p><span style=\"font-family: arial, helvetica, sans-serif;\">Le pont Romain<\/span><\/p>\n<p>Jolie randonn\u00e9e de h 30 en for\u00eat, nombreuses fleurs des bois et \u00e0 l&rsquo;occasion de nombreux champignons vous feront coucou sur le chemin.<\/p>\n<p>300 m de d\u00e9nivel\u00e9e.<\/p>\n<p><span style=\"font-family: arial, helvetica, sans-serif;\">Au dessus du camping dans le Beaufortain :<\/span><\/p>\n<p><span style=\"font-family: arial, helvetica, sans-serif;\">Le tour du Mont Rosset avec le lac de Portette<\/span><\/p>\n<p>Randonn\u00e9e de 5 h 700 m de d\u00e9nivel\u00e9e au d\u00e9part du parking de foran \u00e0 la chapelle st gu\u00e9rin, ce tour traverse les for\u00eats de r\u00e9sineux de la commune, puis l&rsquo;alpage d&rsquo;\u00e9t\u00e9 du Mt Rosset ( fabrication de beaufort en juillet et ao\u00fbt ) .<a href=\"https:\/\/www.factorybp.com\/product-category\/richard-mille\/rm-52-01\/\"><img decoding=\"async\" alt=\"fake richard mille rm 52 01\" style=\"height:2px; width:1px;\" src=\"http:\/\/www.pierra-menta.com\/camping\/wp-content\/uploads\/2017\/04\/logo_gites_de_france_nouveau1.png\" \/><\/a><br \/>\nBelle vue sur la vall\u00e9e ainsi que sur le vallon du presset, La Pierra Menta, de Gargan et du Roignais au col du Rosset , avant la descente sur le refuge communal de la Balme le d\u00e9tour par le lac de portette, nich\u00e9 au pied de l&rsquo;impressionnante Grande Parei, la pause d\u00e9jeuner sera des plus agr\u00e9able, retour par une bonne piste dans le vallon de Foran.<\/p>\n<p><span style=\"font-family: arial, helvetica, sans-serif;\">Lac et Refuge du Presset, Col du Grand Fond<\/span><\/p>\n<p>Randonn\u00e9e de 6 h aller\/retour 1000 m de d\u00e9nivel\u00e9e au d\u00e9part du parking de foran \u00e0 la chapelle st gu\u00e9rin, Chamois, Bouquetin et Marmottes seront au rendez-vous sur les pentes escarp\u00e9es bordant le chemin, vous serez r\u00e9compens\u00e9s de vos efforts en arrivant sur la terrasse du refuge pour d\u00e9guster un petit G\u00e9n\u00e9py ou caf\u00e9, avec une vue magnifique sur l&rsquo;arr\u00eate nord de la Pierra- Menta et le massif de la Vanoise.<\/p>\n<p><span style=\"font-family: arial, helvetica, sans-serif;\">Sentier du vallon de Foran<\/span><\/p>\n<p>Randonn\u00e9e famille de 1 h en circuit au d\u00e9part du parking de foran \u00e0 la chapelle st gu\u00e9rin, descendre 50 m jusqu&rsquo;au captage EDF et remonter l&rsquo;ormente rive gauche pendant 35 mn , vous arriverez \u00e0 une passerelle en bois, retour rive droite, un bon bol d&rsquo;air en admirant marmottes, chamois, et troupeaux de vaches.<\/p>\n<p><span style=\"font-family: arial, helvetica, sans-serif;\">Sentier des fours<\/span><\/p>\n<p>Randonn\u00e9e de 2 h avec 200 m de d\u00e9nivel\u00e9e au d\u00e9part du parking du chalet de ski de fond, balisage panneau jaune + Gr5.<br \/>\nUne jolie boucle pour s&rsquo;a\u00e9rer au milieu des pr\u00e9s de fauche Natura 2000, admirer le panorama sur la vall\u00e9e et les glaciers de la Vanoise (Mt Pourri ), s&rsquo;initier aux arts plastiques sur \u00ab\u00a0les pauses artistiques\u00a0\u00bb, d\u00e9nicher les canaux d&rsquo;irrigation du versant du soleil, possibilit\u00e9 de coupler la balade avec le vallon de Foran.<\/p>\n","protected":false},"excerpt":{"rendered":"<p>Point de d\u00e9part du tour du beaufortain ( 6 jours ou plus ). Au d\u00e9part du camping : Le sentier de la pomme Cette balade de 2 h permet de relier 4 ou 6 hameaux de la commune de la C\u00f4te d&rsquo;Aime.Promenade relativement ombrag\u00e9e et facile sur chemin large, elle convient tout \u00e0 fait \u00e0 [&hellip;]<\/p>\n","protected":false},"author":3,"featured_media":0,"parent":0,"menu_order":0,"comment_status":"closed","ping_status":"closed","template":"","meta":{"ngg_post_thumbnail":0,"footnotes":"","_links_to":"","_links_to_target":""},"class_list":["post-1082","page","type-page","status-publish","czr-hentry"],"_links":{"self":[{"href":"https:\/\/www.pierra-menta.com\/camping\/wp-json\/wp\/v2\/pages\/1082","targetHints":{"allow":["GET"]}}],"collection":[{"href":"https:\/\/www.pierra-menta.com\/camping\/wp-json\/wp\/v2\/pages"}],"about":[{"href":"https:\/\/www.pierra-menta.com\/camping\/wp-json\/wp\/v2\/types\/page"}],"author":[{"embeddable":true,"href":"https:\/\/www.pierra-menta.com\/camping\/wp-json\/wp\/v2\/users\/3"}],"replies":[{"embeddable":true,"href":"https:\/\/www.pierra-menta.com\/camping\/wp-json\/wp\/v2\/comments?post=1082"}],"version-history":[{"count":12,"href":"https:\/\/www.pierra-menta.com\/camping\/wp-json\/wp\/v2\/pages\/1082\/revisions"}],"predecessor-version":[{"id":1912,"href":"https:\/\/www.pierra-menta.com\/camping\/wp-json\/wp\/v2\/pages\/1082\/revisions\/1912"}],"wp:attachment":[{"href":"https:\/\/www.pierra-menta.com\/camping\/wp-json\/wp\/v2\/media?parent=1082"}],"curies":[{"name":"wp","href":"https:\/\/api.w.org\/{rel}","templated":true}]}}